inder when 90856 is divided by 74.
58
Calculate the remainder when 49872 is divided by 37.
33
What is the remainder when 14386 is divided by 8?
2
What is the remainder when 305277 is divided by 13?
11
Calculate the remainder when 7815519 is divided by 143.
140
What is the remainder when 4336 is divided by 1203?
727
What is the remainder when 486143 is divided by 16?
15
Calculate the remainder when 23111 is divided by 45.
26
Calculate the remainder when 364 is divided by 83.
32
What is the remainder when 18079 is divided by 46?
1
Calculate the remainder when 979 is divided by 352.
275
Calculate the remainder when 49496 is divided by 284.
80
What is the remainder when 26078 is divided by 3259?
6
Calculate the remainder when 16460 is divided by 3288.
20
What is the remainder when 272 is divided by 220?
52
Calculate the remainder when 9748 is divided by 315.
298
Calculate the remainder when 12104 is divided by 346.
340
What is the remainder when 230060 is divided by 2191?
5
Calculate the remainder when 103764 is divided by 286.
232
Calculate the remainder when 2536 is divided by 159.
151
What is the remainder when 50842 is divided by 76?
74
Calculate the remainder when 8453 is divided by 4226.
1
What is the remainder when 3997 is divided by 248?
29
What is the remainder when 2302 is divided by 49?
48
Calculate the remainder when 5178 is divided by 80.
58
Calculate the remainder when 23466 is divided by 838.
2
What is the remainder when 588 is divided by 117?
3
What is the remainder when 41691 is divided by 122?
89
What is the remainder when 2794 is divided by 46?
34
What is the remainder when 36840 is divided by 35?
20
Calculate the remainder when 2967 is divided by 49.
27
Calculate the remainder when 23645 is divided by 2203.
1615
What is the remainder when 10145 is divided by 5?
0
What is the remainder when 317582 is divided by 123?
119
Calculate the remainder when 5259 is divided by 980.
359
Calculate the remainder when 219454 is divided by 281.
274
What is the remainder when 159 is divided by 92?
67
What is the remainder when 1656 is divided by 70?
46
Calculate the remainder when 49812 is divided by 1717.
19
What is the remainder when 30071 is divided by 60?
11
What is the remainder when 19424 is divided by 19?
6
Calculate the remainder when 8540 is divided by 8501.
39
What is the remainder when 1352 is divided by 1352?
0
What is the remainder when 107864 is divided by 45?
44
What is the remainder when 272941 is divided by 7?
4
Calculate the remainder when 28247 is divided by 314.
301
Calculate the remainder when 25143 is divided by 12560.
23
What is the remainder when 2296 is divided by 30?
16
Calculate the remainder when 152622 is divided by 494.
470
Calculate the remainder when 1854 is divided by 1831.
23
Calculate the remainder when 49555 is divided by 934.
53
Calculate the remainder when 28190 is divided by 641.
627
Calculate the remainder when 1999 is divided by 244.
47
Calculate the remainder when 16550 is divided by 3286.
120
What is the remainder when 15454 is divided by 73?
51
Calculate the remainder when 21653 is divided by 4247.
418
What is the remainder when 6229 is divided by 1844?
697
Calculate the remainder when 918 is divided by 703.
215
Calculate the remainder when 361898 is divided by 550.
548
Calculate the remainder when 57011 is divided by 7125.
11
What is the remainder when 13502 is divided by 202?
170
What is the remainder when 16561 is divided by 109?
102
What is the remainder when 322570 is divided by 24813?
1
Calculate the remainder when 2794036 is divided by 1902.
1900
Calculate the remainder when 241851 is divided by 346.
343
Calculate the remainder when 4040866 is divided by 230.
226
Calculate the remainder when 6455 is divided by 3207.
41
Calculate the remainder when 93374 is divided by 115.
109
Calculate the remainder when 126313 is divided by 15.
13
What is the remainder when 5041 is divided by 88?
25
Calculate the remainder when 54865 is divided by 10971.
10
What is the remainder when 20831 is divided by 515?
231
What is the remainder when 1338 is divided by 661?
16
What is the remainder when 289612 is divided by 959?
953
What is the remainder when 209282 is divided by 128?
2
Calculate the remainder when 907 is divided by 517.
390
Calculate the remainder when 257240 is divided by 75.
65
Calculate the remainder when 915119 is divided by 1372.
1367
What is the remainder when 79546 is divided by 285?
31
What is the remainder when 9223029 is divided by 13?
10
Calculate the remainder when 385838 is divided by 9.
8
Calculate the remainder when 1769 is divided by 585.
14
What is the remainder when 1584 is divided by 1357?
227
Calculate the remainder when 59369 is divided by 271.
20
Calculate the remainder when 91377 is divided by 3.
0
What is the remainder when 163036 is divided by 5621?
27
Calculate the remainder when 31062 is divided by 2009.
927
Calculate the remainder when 19237 is divided by 1745.
42
Calculate the remainder when 3169 is divided by 250.
169
Calculate the remainder when 7475 is divided by 3557.
361
What is the remainder when 7922 is divided by 3829?
264
What is the remainder when 14630 is divided by 2460?
2330
What is the remainder when 177117 is divided by 96?
93
What is the remainder when 421517 is divided by 27?
20
Calculate the remainder when 2674 is divided by 22.
12
What is the remainder when 36754 is divided by 12213?
115
What is the remainder when 23135 is divided by 608?
31
Calculate the remainder when 128309 is divided by 470.
469
Calculate the remainder when 7730 is divided by 1406.
700
What is the remainder when 10920 is divided by 46?
18
Calculate the remainder when 2699 is divided by 886.
41
What is the remainder when 1538012 is divided by 110?
102
Calculate the remainder when 41959 is divided by 33.
16
Calculate the remainder when 21674 is divided by 51.
50
What is the remainder when 3461 is divided by 691?
6
Calculate the remainder when 2639 is divided by 146.
11
Calculate the remainder when 21751 is divided by 9.
7
What is the remainder when 61312 is divided by 616?
328
What is the remainder when 50435 is divided by 8403?
17
What is the remainder when 272572 is divided by 32?
28
Calculate the remainder when 624 is divided by 31.
4
Calculate the remainder when 252527 is divided by 16.
15
What is the remainder when 4793 is divided by 4753?
40
Calculate the remainder when 4868 is divided by 133.
80
Calculate the remainder when 21626 is divided by 5361.
182
What is the remainder when 23257 is divided by 929?
32
Calculate the remainder when 586 is divided by 190.
16
What is the remainder when 1308 is divided by 428?
24
What is the remainder when 36208 is divided by 6?
4
What is the remainder when 35183 is divided by 11425?
908
Calculate the remainder when 32110 is divided by 148.
142
Calculate the remainder when 1387927 is divided by 693958.
11
Calculate the remainder when 260923 is divided by 130458.
7
Calculate the remainder when 59909 is divided by 10.
9
What is the remainder when 280563 is divided by 93521?
0
Calculate the remainder when 165298 is divided by 60.
58
What is the remainder when 5144 is divided by 855?
14
Calculate the remainder when 4612 is divided by 57.
52
Calculate the remainder when 93598 is divided by 1001.
505
What is the remainder when 425358 is divided by 260?
258
Calculate the remainder when 5166 is divided by 673.
455
What is the remainder when 19380 is divided by 6427?
99
What is the remainder when 741 is divided by 146?
11
Calculate the remainder when 13536 is divided by 4511.
3
Calculate the remainder when 46185 is divided by 247.
243
Calculate the remainder when 41530 is divided by 23.
15
What is the remainder when 12603908 is divided by 745?
743
What is the remainder when 214 is divided by 15?
4
Calculate the remainder when 1020 is divided by 289.
153
Calculate the remainder when 174418 is divided by 1645.
48
What is the remainder when 36552 is divided by 111?
33
What is the remainder when 77678 is divided by 242?
238
Calculate the remainder when 3002 is divided by 372.
26
Calculate the remainder when 1071 is divided by 218.
199
What is the remainder when 1584 is divided by 404?
372
What is the remainder when 9833 is divided by 183?
134
What is the 